{"id":3045,"date":"2023-01-25T16:12:37","date_gmt":"2023-01-25T16:12:37","guid":{"rendered":"https:\/\/elisak89.sg-host.com\/prodotto\/tartufi-dolci-neri-incartati-200-g\/"},"modified":"2026-04-17T15:42:21","modified_gmt":"2026-04-17T15:42:21","slug":"eingepackte-schwarze-suesstrueffel-200-g","status":"publish","type":"product","link":"https:\/\/alfierisuisse.ch\/de\/prodotto\/eingepackte-schwarze-suesstrueffel-200-g\/","title":{"rendered":"TARTUFI DOLCI NERI 200 G"},"content":{"rendered":"","protected":false},"excerpt":{"rendered":"<p><strong>Schwarze S\u00fc\u00dftr\u00fcffel<\/strong><\/p>\n<p><strong>Gewicht<\/strong>: 200 g<\/p>\n<p><strong>Zutaten<\/strong>: Dunkelschokolade 27% (Kakaomasse, Zucker, Kakaobutter, Emulgator: Sojalecithin, nat\u00fcrlicher Vanilleextrakt. Kakao min. 60%), Kakaopulver, Kakaobutter. <em>F\u00fcllung<\/em>: Milchschokolade (Zucker, Kakaobutter, Vollmilchpulver, Kakaomasse, Emulgator: Sojalecithin, nat\u00fcrlicher Vanilleextrakt. Kakao min. 35%), Haseln\u00fcsse 30%.<\/p>\n","protected":false},"featured_media":1766,"comment_status":"open","ping_status":"closed","template":"","meta":{"_acf_changed":false,"rank_math_lock_modified_date":false},"product_cat":[130],"product_tag":[217],"class_list":{"0":"post-3045","1":"product","2":"type-product","3":"status-publish","4":"has-post-thumbnail","6":"product_cat-susigkeiten-und-honig","7":"product_tag-le-praline-de","9":"first","10":"instock","11":"shipping-taxable","12":"purchasable","13":"product-type-simple"},"acf":[],"_links":{"self":[{"href":"https:\/\/alfierisuisse.ch\/de\/wp-json\/wp\/v2\/product\/3045","targetHints":{"allow":["GET"]}}],"collection":[{"href":"https:\/\/alfierisuisse.ch\/de\/wp-json\/wp\/v2\/product"}],"about":[{"href":"https:\/\/alfierisuisse.ch\/de\/wp-json\/wp\/v2\/types\/product"}],"replies":[{"embeddable":true,"href":"https:\/\/alfierisuisse.ch\/de\/wp-json\/wp\/v2\/comments?post=3045"}],"wp:featuredmedia":[{"embeddable":true,"href":"https:\/\/alfierisuisse.ch\/de\/wp-json\/wp\/v2\/media\/1766"}],"wp:attachment":[{"href":"https:\/\/alfierisuisse.ch\/de\/wp-json\/wp\/v2\/media?parent=3045"}],"wp:term":[{"taxonomy":"product_cat","embeddable":true,"href":"https:\/\/alfierisuisse.ch\/de\/wp-json\/wp\/v2\/product_cat?post=3045"},{"taxonomy":"product_tag","embeddable":true,"href":"https:\/\/alfierisuisse.ch\/de\/wp-json\/wp\/v2\/product_tag?post=3045"}],"curies":[{"name":"wp","href":"https:\/\/api.w.org\/{rel}","templated":true}]}}

<p><strong>Schwarze Süßtrüffel</strong></p>
<p><strong>Gewicht</strong>: 200 g</p>
<p><strong>Zutaten</strong>: Dunkelschokolade 27% (Kakaomasse, Zucker, Kakaobutter, Emulgator: Sojalecithin, natürlicher Vanilleextrakt. Kakao min. 60%), Kakaopulver, Kakaobutter. <em>Füllung</em>: Milchschokolade (Zucker, Kakaobutter, Vollmilchpulver, Kakaomasse, Emulgator: Sojalecithin, natürlicher Vanilleextrakt. Kakao min. 35%), Haselnüsse 30%.</p>
