{"id":3056,"date":"2023-01-25T16:11:23","date_gmt":"2023-01-25T16:11:23","guid":{"rendered":"https:\/\/elisak89.sg-host.com\/prodotto\/amaretti-morbidi-cioccolato-250-g\/"},"modified":"2026-04-10T13:21:06","modified_gmt":"2026-04-10T13:21:06","slug":"weiche-schokoladen-amaretti-250g","status":"publish","type":"product","link":"https:\/\/alfierisuisse.ch\/de\/prodotto\/weiche-schokoladen-amaretti-250g\/","title":{"rendered":"AMARETTI MORBIDI DI ALFIERI AL CIOCCOLATO 250 G"},"content":{"rendered":"","protected":false},"excerpt":{"rendered":"<p><strong>Alfieris weiche Amaretti mit Schokolade<\/strong><\/p>\n<p><strong>Gewicht<\/strong>: 250 g<\/p>\n<p><strong>Zutaten<\/strong>\u00a0<strong>Amaretti 85,4%<\/strong>: s\u00fc\u00dfe MANDELN 27,2%, Zucker, EIweiss, BitterMANDELN 5,4%, Backpulver: Diphosphat und Natriumcarbonat, Maisst\u00e4rke, Aromen, Konservierungsstoffe: Kaliumsorbat. <strong>Zutaten Schokokuverture<\/strong>: Kakaopaste, Kakaobutter, SOJAlecithin.<\/p>\n","protected":false},"featured_media":4136,"comment_status":"open","ping_status":"closed","template":"","meta":{"_acf_changed":false,"rank_math_lock_modified_date":false},"product_cat":[130],"product_tag":[219],"class_list":{"0":"post-3056","1":"product","2":"type-product","3":"status-publish","4":"has-post-thumbnail","6":"product_cat-susigkeiten-und-honig","7":"product_tag-gli-amaretti-de","9":"first","10":"instock","11":"shipping-taxable","12":"purchasable","13":"product-type-simple"},"acf":[],"_links":{"self":[{"href":"https:\/\/alfierisuisse.ch\/de\/wp-json\/wp\/v2\/product\/3056","targetHints":{"allow":["GET"]}}],"collection":[{"href":"https:\/\/alfierisuisse.ch\/de\/wp-json\/wp\/v2\/product"}],"about":[{"href":"https:\/\/alfierisuisse.ch\/de\/wp-json\/wp\/v2\/types\/product"}],"replies":[{"embeddable":true,"href":"https:\/\/alfierisuisse.ch\/de\/wp-json\/wp\/v2\/comments?post=3056"}],"wp:featuredmedia":[{"embeddable":true,"href":"https:\/\/alfierisuisse.ch\/de\/wp-json\/wp\/v2\/media\/4136"}],"wp:attachment":[{"href":"https:\/\/alfierisuisse.ch\/de\/wp-json\/wp\/v2\/media?parent=3056"}],"wp:term":[{"taxonomy":"product_cat","embeddable":true,"href":"https:\/\/alfierisuisse.ch\/de\/wp-json\/wp\/v2\/product_cat?post=3056"},{"taxonomy":"product_tag","embeddable":true,"href":"https:\/\/alfierisuisse.ch\/de\/wp-json\/wp\/v2\/product_tag?post=3056"}],"curies":[{"name":"wp","href":"https:\/\/api.w.org\/{rel}","templated":true}]}}

<p><strong>Alfieris weiche Amaretti mit Schokolade</strong></p>
<p><strong>Gewicht</strong>: 250 g</p>
<p><strong>Zutaten</strong> <strong>Amaretti 85,4%</strong>: süße MANDELN 27,2%, Zucker, EIweiss, BitterMANDELN 5,4%, Backpulver: Diphosphat und Natriumcarbonat, Maisstärke, Aromen, Konservierungsstoffe: Kaliumsorbat. <strong>Zutaten Schokokuverture</strong>: Kakaopaste, Kakaobutter, SOJAlecithin.</p>
