{"id":3236,"date":"2023-01-25T15:15:00","date_gmt":"2023-01-25T15:15:00","guid":{"rendered":"https:\/\/elisak89.sg-host.com\/prodotto\/condimento-olio-extravergine-al-tartufo-bianco-100-ml\/"},"modified":"2023-12-19T09:51:50","modified_gmt":"2023-12-19T09:51:50","slug":"extra-natives-olivenoel-mit-weissem-trueffel-100-ml","status":"publish","type":"product","link":"https:\/\/alfierisuisse.ch\/de\/prodotto\/extra-natives-olivenoel-mit-weissem-trueffel-100-ml\/","title":{"rendered":"Extra natives Oliven\u00f6l mit wei\u00dfem Tr\u00fcffel 100 ml"},"content":{"rendered":"","protected":false},"excerpt":{"rendered":"<p><strong>Gewicht:<\/strong> 100 ml<\/p>\n<p><strong>Zutaten:<\/strong> Extra natives Oliven\u00f6l 98,5% (EU-Herkunft), Aroma, 0,05% getrockneter wei\u00dfer Tr\u00fcffel (Tuber Borchio Albidum Pico), 0,01% getrockneter wei\u00dfer Tr\u00fcffel (Tuber magnatum Pico). Kann Spuren oder Sporen des Genus Tuber spp enthalten.<\/p>\n","protected":false},"featured_media":1738,"comment_status":"open","ping_status":"closed","template":"","meta":{"_acf_changed":false,"rank_math_lock_modified_date":false},"product_cat":[109,113],"product_tag":[110],"class_list":{"0":"post-3236","1":"product","2":"type-product","3":"status-publish","4":"has-post-thumbnail","6":"product_cat-oel-und-essig","7":"product_cat-trueffel-spezial","8":"product_tag-lolio-de","10":"first","11":"instock","12":"shipping-taxable","13":"purchasable","14":"product-type-simple"},"acf":[],"_links":{"self":[{"href":"https:\/\/alfierisuisse.ch\/de\/wp-json\/wp\/v2\/product\/3236","targetHints":{"allow":["GET"]}}],"collection":[{"href":"https:\/\/alfierisuisse.ch\/de\/wp-json\/wp\/v2\/product"}],"about":[{"href":"https:\/\/alfierisuisse.ch\/de\/wp-json\/wp\/v2\/types\/product"}],"replies":[{"embeddable":true,"href":"https:\/\/alfierisuisse.ch\/de\/wp-json\/wp\/v2\/comments?post=3236"}],"wp:featuredmedia":[{"embeddable":true,"href":"https:\/\/alfierisuisse.ch\/de\/wp-json\/wp\/v2\/media\/1738"}],"wp:attachment":[{"href":"https:\/\/alfierisuisse.ch\/de\/wp-json\/wp\/v2\/media?parent=3236"}],"wp:term":[{"taxonomy":"product_cat","embeddable":true,"href":"https:\/\/alfierisuisse.ch\/de\/wp-json\/wp\/v2\/product_cat?post=3236"},{"taxonomy":"product_tag","embeddable":true,"href":"https:\/\/alfierisuisse.ch\/de\/wp-json\/wp\/v2\/product_tag?post=3236"}],"curies":[{"name":"wp","href":"https:\/\/api.w.org\/{rel}","templated":true}]}}

Extra natives Olivenöl mit weißem Trüffel 100 ml

<p><strong>Gewicht:</strong> 100 ml</p>
<p><strong>Zutaten:</strong> Extra natives Olivenöl 98,5% (EU-Herkunft), Aroma, 0,05% getrockneter weißer Trüffel (Tuber Borchio Albidum Pico), 0,01% getrockneter weißer Trüffel (Tuber magnatum Pico). Kann Spuren oder Sporen des Genus Tuber spp enthalten.</p>
