{"id":3313,"date":"2023-01-25T14:54:36","date_gmt":"2023-01-25T14:54:36","guid":{"rendered":"https:\/\/elisak89.sg-host.com\/prodotto\/sugo-tartufato-180-g\/"},"modified":"2023-12-20T11:08:22","modified_gmt":"2023-12-20T11:08:22","slug":"trueffelaromatische-sauce-180g","status":"publish","type":"product","link":"https:\/\/alfierisuisse.ch\/de\/prodotto\/trueffelaromatische-sauce-180g\/","title":{"rendered":"Tr\u00fcffelaromatische Sauce 180g"},"content":{"rendered":"","protected":false},"excerpt":{"rendered":"<p><strong>Gewicht<\/strong>: 0,18 kg<\/p>\n<p><strong>Zutaten<\/strong>: Italienische Tomate, Zwiebeln, Karotten, Sellerie, extra natives Oliven\u00f6l, Salz, Aroma, wei\u00dfer Tr\u00fcffel (tuber magnatum pico) 0,03%<\/p>\n","protected":false},"featured_media":1390,"comment_status":"open","ping_status":"closed","template":"","meta":{"_acf_changed":false,"rank_math_lock_modified_date":false},"product_cat":[145,113],"product_tag":[165],"class_list":{"0":"post-3313","1":"product","2":"type-product","3":"status-publish","4":"has-post-thumbnail","6":"product_cat-saucen","7":"product_cat-trueffel-spezial","8":"product_tag-saucen","10":"first","11":"instock","12":"shipping-taxable","13":"purchasable","14":"product-type-simple"},"acf":[],"_links":{"self":[{"href":"https:\/\/alfierisuisse.ch\/de\/wp-json\/wp\/v2\/product\/3313","targetHints":{"allow":["GET"]}}],"collection":[{"href":"https:\/\/alfierisuisse.ch\/de\/wp-json\/wp\/v2\/product"}],"about":[{"href":"https:\/\/alfierisuisse.ch\/de\/wp-json\/wp\/v2\/types\/product"}],"replies":[{"embeddable":true,"href":"https:\/\/alfierisuisse.ch\/de\/wp-json\/wp\/v2\/comments?post=3313"}],"wp:featuredmedia":[{"embeddable":true,"href":"https:\/\/alfierisuisse.ch\/de\/wp-json\/wp\/v2\/media\/1390"}],"wp:attachment":[{"href":"https:\/\/alfierisuisse.ch\/de\/wp-json\/wp\/v2\/media?parent=3313"}],"wp:term":[{"taxonomy":"product_cat","embeddable":true,"href":"https:\/\/alfierisuisse.ch\/de\/wp-json\/wp\/v2\/product_cat?post=3313"},{"taxonomy":"product_tag","embeddable":true,"href":"https:\/\/alfierisuisse.ch\/de\/wp-json\/wp\/v2\/product_tag?post=3313"}],"curies":[{"name":"wp","href":"https:\/\/api.w.org\/{rel}","templated":true}]}}

Trüffelaromatische Sauce 180g

<p><strong>Gewicht</strong>: 0,18 kg</p>
<p><strong>Zutaten</strong>: Italienische Tomate, Zwiebeln, Karotten, Sellerie, extra natives Olivenöl, Salz, Aroma, weißer Trüffel (tuber magnatum pico) 0,03%</p>
