{"id":3414,"date":"2023-01-24T09:00:45","date_gmt":"2023-01-24T09:00:45","guid":{"rendered":"https:\/\/elisak89.sg-host.com\/prodotto\/tajarin-tartufo-250-g\/"},"modified":"2023-12-20T14:00:35","modified_gmt":"2023-12-20T14:00:35","slug":"trueffel-tajarin-250g","status":"publish","type":"product","link":"https:\/\/alfierisuisse.ch\/de\/prodotto\/trueffel-tajarin-250g\/","title":{"rendered":"Tr\u00fcffel-Tajarin 250g"},"content":{"rendered":"","protected":false},"excerpt":{"rendered":"<p class=\"single_product__weight\"><b>Gewicht:<\/b> <span id=\"single_product__weight-template-product\">0,25 kg<\/span><\/p>\n<p><strong>Zutaten:<\/strong> Hartweizengrie\u00df, frische pasteurisierte Eier, schwarzer Tr\u00fcffel, Tr\u00fcffelaroma, Salz.<\/p>\n","protected":false},"featured_media":1203,"comment_status":"open","ping_status":"closed","template":"","meta":{"_acf_changed":false,"rank_math_lock_modified_date":false},"product_cat":[119,113],"product_tag":[120],"class_list":{"0":"post-3414","1":"product","2":"type-product","3":"status-publish","4":"has-post-thumbnail","6":"product_cat-pasta-de","7":"product_cat-trueffel-spezial","8":"product_tag-i-tajarin-de","10":"first","11":"instock","12":"shipping-taxable","13":"purchasable","14":"product-type-simple"},"acf":[],"_links":{"self":[{"href":"https:\/\/alfierisuisse.ch\/de\/wp-json\/wp\/v2\/product\/3414","targetHints":{"allow":["GET"]}}],"collection":[{"href":"https:\/\/alfierisuisse.ch\/de\/wp-json\/wp\/v2\/product"}],"about":[{"href":"https:\/\/alfierisuisse.ch\/de\/wp-json\/wp\/v2\/types\/product"}],"replies":[{"embeddable":true,"href":"https:\/\/alfierisuisse.ch\/de\/wp-json\/wp\/v2\/comments?post=3414"}],"wp:featuredmedia":[{"embeddable":true,"href":"https:\/\/alfierisuisse.ch\/de\/wp-json\/wp\/v2\/media\/1203"}],"wp:attachment":[{"href":"https:\/\/alfierisuisse.ch\/de\/wp-json\/wp\/v2\/media?parent=3414"}],"wp:term":[{"taxonomy":"product_cat","embeddable":true,"href":"https:\/\/alfierisuisse.ch\/de\/wp-json\/wp\/v2\/product_cat?post=3414"},{"taxonomy":"product_tag","embeddable":true,"href":"https:\/\/alfierisuisse.ch\/de\/wp-json\/wp\/v2\/product_tag?post=3414"}],"curies":[{"name":"wp","href":"https:\/\/api.w.org\/{rel}","templated":true}]}}

Trüffel-Tajarin 250g

<p class="single_product__weight"><b>Gewicht:</b> <span id="single_product__weight-template-product">0,25 kg</span></p>
<p><strong>Zutaten:</strong> Hartweizengrieß, frische pasteurisierte Eier, schwarzer Trüffel, Trüffelaroma, Salz.</p>
