{"id":3438,"date":"2023-01-25T14:46:31","date_gmt":"2023-01-25T14:46:31","guid":{"rendered":"https:\/\/elisak89.sg-host.com\/prodotto\/funghi-porcini-tagliati-sistemati-200-g\/"},"modified":"2026-03-20T14:40:07","modified_gmt":"2026-03-20T14:40:07","slug":"funghi-geschnittene-und-arrangierte-steinpilze-220g","status":"publish","type":"product","link":"https:\/\/alfierisuisse.ch\/de\/prodotto\/funghi-geschnittene-und-arrangierte-steinpilze-220g\/","title":{"rendered":"FUNGHI PORCINI TAGLIATI IN OLIO DI OLIVA 220 G"},"content":{"rendered":"","protected":false},"excerpt":{"rendered":"<p><strong>Geschnittete Steinpilze im Oliven\u00f6l<\/strong><\/p>\n<p><strong>Gewicht<\/strong>: 220 g<\/p>\n<p><strong>Zutaten:<\/strong> Boletus Edulis und seine Gruppe, Oliven\u00f6l, Weinessig (enth\u00e4lt SULFITE), Salz, Lorbeerblatt, Gew\u00fcrze, Zitronens\u00e4ure, Ascorbins\u00e4ure.<\/p>\n","protected":false},"featured_media":4106,"comment_status":"open","ping_status":"closed","template":"","meta":{"_acf_changed":false,"rank_math_lock_modified_date":false},"product_cat":[127],"product_tag":[236],"class_list":{"0":"post-3438","1":"product","2":"type-product","3":"status-publish","4":"has-post-thumbnail","6":"product_cat-vorspeisen-de","7":"product_tag-lorto-de-2","9":"first","10":"instock","11":"shipping-taxable","12":"purchasable","13":"product-type-simple"},"acf":[],"_links":{"self":[{"href":"https:\/\/alfierisuisse.ch\/de\/wp-json\/wp\/v2\/product\/3438","targetHints":{"allow":["GET"]}}],"collection":[{"href":"https:\/\/alfierisuisse.ch\/de\/wp-json\/wp\/v2\/product"}],"about":[{"href":"https:\/\/alfierisuisse.ch\/de\/wp-json\/wp\/v2\/types\/product"}],"replies":[{"embeddable":true,"href":"https:\/\/alfierisuisse.ch\/de\/wp-json\/wp\/v2\/comments?post=3438"}],"wp:featuredmedia":[{"embeddable":true,"href":"https:\/\/alfierisuisse.ch\/de\/wp-json\/wp\/v2\/media\/4106"}],"wp:attachment":[{"href":"https:\/\/alfierisuisse.ch\/de\/wp-json\/wp\/v2\/media?parent=3438"}],"wp:term":[{"taxonomy":"product_cat","embeddable":true,"href":"https:\/\/alfierisuisse.ch\/de\/wp-json\/wp\/v2\/product_cat?post=3438"},{"taxonomy":"product_tag","embeddable":true,"href":"https:\/\/alfierisuisse.ch\/de\/wp-json\/wp\/v2\/product_tag?post=3438"}],"curies":[{"name":"wp","href":"https:\/\/api.w.org\/{rel}","templated":true}]}}

<p><strong>Geschnittete Steinpilze im Olivenöl</strong></p>
<p><strong>Gewicht</strong>: 220 g</p>
<p><strong>Zutaten:</strong> Boletus Edulis und seine Gruppe, Olivenöl, Weinessig (enthält SULFITE), Salz, Lorbeerblatt, Gewürze, Zitronensäure, Ascorbinsäure.</p>
