{"id":3515,"date":"2023-01-24T09:31:27","date_gmt":"2023-01-24T09:31:27","guid":{"rendered":"https:\/\/elisak89.sg-host.com\/prodotto\/tortellini-secchi-carne-500g\/"},"modified":"2023-12-28T20:50:53","modified_gmt":"2023-12-28T20:50:53","slug":"getrocknete-tortellini-mit-rohschinken-500g","status":"publish","type":"product","link":"https:\/\/alfierisuisse.ch\/de\/prodotto\/getrocknete-tortellini-mit-rohschinken-500g\/","title":{"rendered":"Getrocknete Tortellini mit Rohschinken 500g"},"content":{"rendered":"","protected":false},"excerpt":{"rendered":"<p><b>Gewicht:<\/b> 500g<\/p>\n<p><strong>Zutaten:<\/strong> Teigwaren (72%): Hartweizengrie\u00df, Eier von freilaufenden H\u00fchnern (19,4% auf den Teigwaren). F\u00fcllung (28%): Mortadella (45,3% in der F\u00fcllung) (Schweinefleisch, Schweinefett, Salz, Gew\u00fcrze, nat\u00fcrliche Aromen), Semmelbr\u00f6sel (Weichweizenmehl Type &#8222;0&#8220;, Salz), Margarine [Kokosfett, pflanzliche \u00d6le (Sonnenblume, Soja, Raps), Wasser], Rohschinken (3,1% in der F\u00fcllung) (Schweinefleisch, Salz), Salz, Aromen, geriebener geschmolzener K\u00e4se (Milch, Molke, Salz, Enzyme), Gew\u00fcrze.<\/p>\n","protected":false},"featured_media":2030,"comment_status":"open","ping_status":"closed","template":"","meta":{"_acf_changed":false,"rank_math_lock_modified_date":false},"product_cat":[119],"product_tag":[192],"class_list":{"0":"post-3515","1":"product","2":"type-product","3":"status-publish","4":"has-post-thumbnail","6":"product_cat-pasta-de","7":"product_tag-gefullte-nudeln-mit-trockenei","9":"first","10":"instock","11":"shipping-taxable","12":"purchasable","13":"product-type-simple"},"acf":[],"_links":{"self":[{"href":"https:\/\/alfierisuisse.ch\/de\/wp-json\/wp\/v2\/product\/3515","targetHints":{"allow":["GET"]}}],"collection":[{"href":"https:\/\/alfierisuisse.ch\/de\/wp-json\/wp\/v2\/product"}],"about":[{"href":"https:\/\/alfierisuisse.ch\/de\/wp-json\/wp\/v2\/types\/product"}],"replies":[{"embeddable":true,"href":"https:\/\/alfierisuisse.ch\/de\/wp-json\/wp\/v2\/comments?post=3515"}],"wp:featuredmedia":[{"embeddable":true,"href":"https:\/\/alfierisuisse.ch\/de\/wp-json\/wp\/v2\/media\/2030"}],"wp:attachment":[{"href":"https:\/\/alfierisuisse.ch\/de\/wp-json\/wp\/v2\/media?parent=3515"}],"wp:term":[{"taxonomy":"product_cat","embeddable":true,"href":"https:\/\/alfierisuisse.ch\/de\/wp-json\/wp\/v2\/product_cat?post=3515"},{"taxonomy":"product_tag","embeddable":true,"href":"https:\/\/alfierisuisse.ch\/de\/wp-json\/wp\/v2\/product_tag?post=3515"}],"curies":[{"name":"wp","href":"https:\/\/api.w.org\/{rel}","templated":true}]}}

<p><b>Gewicht:</b> 500g</p>
<p><strong>Zutaten:</strong> Teigwaren (72%): Hartweizengrieß, Eier von freilaufenden Hühnern (19,4% auf den Teigwaren). Füllung (28%): Mortadella (45,3% in der Füllung) (Schweinefleisch, Schweinefett, Salz, Gewürze, natürliche Aromen), Semmelbrösel (Weichweizenmehl Type &#8222;0&#8220;, Salz), Margarine [Kokosfett, pflanzliche Öle (Sonnenblume, Soja, Raps), Wasser], Rohschinken (3,1% in der Füllung) (Schweinefleisch, Salz), Salz, Aromen, geriebener geschmolzener Käse (Milch, Molke, Salz, Enzyme), Gewürze.</p>
