{"id":3521,"date":"2023-01-24T09:30:59","date_gmt":"2023-01-24T09:30:59","guid":{"rendered":"https:\/\/elisak89.sg-host.com\/prodotto\/raviolini-secchi-formaggio-e-tartufo-500g\/"},"modified":"2023-12-28T20:56:14","modified_gmt":"2023-12-28T20:56:14","slug":"getrocknete-kaese-und-trueffel-raviolini-500g","status":"publish","type":"product","link":"https:\/\/alfierisuisse.ch\/de\/prodotto\/getrocknete-kaese-und-trueffel-raviolini-500g\/","title":{"rendered":"Getrocknete K\u00e4se- und Tr\u00fcffel-Raviolini 500g"},"content":{"rendered":"","protected":false},"excerpt":{"rendered":"<p><strong>PRODUKTBESCHREIBUNG:<\/strong> D\u00fcnne Schicht Eiernudelteig, gef\u00fcllt mit einer Mischung aus K\u00e4se und schwarzem Tr\u00fcffel (Tuber aestivum). Das Produkt durchl\u00e4uft einen vorbeugenden Pasteurisierungsprozess bei 85\u00b0C f\u00fcr 330&#8243; und anschlie\u00dfendes Trocknen f\u00fcr 16 Stunden bei etwa 67\u00b0C.<\/p>\n<p><b>Gewicht:<\/b> 500g<\/p>\n<p><strong>Zutaten:<\/strong> Teigwaren (72%): Hartweizengrie\u00df, Eier von freilaufenden H\u00fchnern (19,4% auf den Teigwaren). F\u00fcllung (28%): Semmelbr\u00f6sel (Weichweizenmehl Type &#8222;0&#8220;, Salz, Hefe), K\u00e4se (31,4% in der F\u00fcllung) [dehydrierter K\u00e4se (18,8% in der F\u00fcllung) (Milch, Molke, Salz, Lab, Lysozym aus Eiern), geriebener geschmolzener K\u00e4se (12,5% in der F\u00fcllung) (Milch, Molke, Salz, Enzyme)], Margarine [Kokosfett, pflanzliche \u00d6le (Sonnenblume, Soja, Raps), Wasser], Ricotta (12,5% in der F\u00fcllung) (Milch, Molke, Salz), Aromen, Salz, dehydrierter schwarzer Tr\u00fcffel (Tuber aestivum) (0,2% in der F\u00fcllung), Gew\u00fcrze.<\/p>\n","protected":false},"featured_media":2022,"comment_status":"open","ping_status":"closed","template":"","meta":{"_acf_changed":false,"rank_math_lock_modified_date":false},"product_cat":[119,113],"product_tag":[192],"class_list":{"0":"post-3521","1":"product","2":"type-product","3":"status-publish","4":"has-post-thumbnail","6":"product_cat-pasta-de","7":"product_cat-trueffel-spezial","8":"product_tag-gefullte-nudeln-mit-trockenei","10":"first","11":"instock","12":"shipping-taxable","13":"purchasable","14":"product-type-simple"},"acf":[],"_links":{"self":[{"href":"https:\/\/alfierisuisse.ch\/de\/wp-json\/wp\/v2\/product\/3521","targetHints":{"allow":["GET"]}}],"collection":[{"href":"https:\/\/alfierisuisse.ch\/de\/wp-json\/wp\/v2\/product"}],"about":[{"href":"https:\/\/alfierisuisse.ch\/de\/wp-json\/wp\/v2\/types\/product"}],"replies":[{"embeddable":true,"href":"https:\/\/alfierisuisse.ch\/de\/wp-json\/wp\/v2\/comments?post=3521"}],"wp:featuredmedia":[{"embeddable":true,"href":"https:\/\/alfierisuisse.ch\/de\/wp-json\/wp\/v2\/media\/2022"}],"wp:attachment":[{"href":"https:\/\/alfierisuisse.ch\/de\/wp-json\/wp\/v2\/media?parent=3521"}],"wp:term":[{"taxonomy":"product_cat","embeddable":true,"href":"https:\/\/alfierisuisse.ch\/de\/wp-json\/wp\/v2\/product_cat?post=3521"},{"taxonomy":"product_tag","embeddable":true,"href":"https:\/\/alfierisuisse.ch\/de\/wp-json\/wp\/v2\/product_tag?post=3521"}],"curies":[{"name":"wp","href":"https:\/\/api.w.org\/{rel}","templated":true}]}}

Getrocknete Käse- und Trüffel-Raviolini 500g

<p><strong>PRODUKTBESCHREIBUNG:</strong> Dünne Schicht Eiernudelteig, gefüllt mit einer Mischung aus Käse und schwarzem Trüffel (Tuber aestivum). Das Produkt durchläuft einen vorbeugenden Pasteurisierungsprozess bei 85°C für 330&#8243; und anschließendes Trocknen für 16 Stunden bei etwa 67°C.</p>
<p><b>Gewicht:</b> 500g</p>
<p><strong>Zutaten:</strong> Teigwaren (72%): Hartweizengrieß, Eier von freilaufenden Hühnern (19,4% auf den Teigwaren). Füllung (28%): Semmelbrösel (Weichweizenmehl Type &#8222;0&#8220;, Salz, Hefe), Käse (31,4% in der Füllung) [dehydrierter Käse (18,8% in der Füllung) (Milch, Molke, Salz, Lab, Lysozym aus Eiern), geriebener geschmolzener Käse (12,5% in der Füllung) (Milch, Molke, Salz, Enzyme)], Margarine [Kokosfett, pflanzliche Öle (Sonnenblume, Soja, Raps), Wasser], Ricotta (12,5% in der Füllung) (Milch, Molke, Salz), Aromen, Salz, dehydrierter schwarzer Trüffel (Tuber aestivum) (0,2% in der Füllung), Gewürze.</p>
