{"id":3658,"date":"2023-01-24T09:12:23","date_gmt":"2023-01-24T09:12:23","guid":{"rendered":"https:\/\/elisak89.sg-host.com\/prodotto\/pappardelle-primavera-matassa-500-g\/"},"modified":"2024-01-03T10:36:21","modified_gmt":"2024-01-03T10:36:21","slug":"primavera-pappardelle-500g-im-buendel","status":"publish","type":"product","link":"https:\/\/alfierisuisse.ch\/de\/prodotto\/primavera-pappardelle-500g-im-buendel\/","title":{"rendered":"Primavera Pappardelle, 500g im B\u00fcndel"},"content":{"rendered":"","protected":false},"excerpt":{"rendered":"<p><b>Gewicht:<\/b> <span id=\"single_product__weight-template-product\">0,5 kg<\/span><\/p>\n<p><strong>Zutaten:<\/strong> Gelbe Pasta: Hartweizengrie\u00df mit Ei Gr\u00fcne Pasta: Hartweizengrie\u00df mit Spinat Rote Pasta: Hartweizengrie\u00df mit Tomate<\/p>\n","protected":false},"featured_media":1239,"comment_status":"open","ping_status":"closed","template":"","meta":{"_acf_changed":false,"rank_math_lock_modified_date":false},"product_cat":[119],"product_tag":[256],"class_list":{"0":"post-3658","1":"product","2":"type-product","3":"status-publish","4":"has-post-thumbnail","6":"product_cat-pasta-de","7":"product_tag-le-pappardelle-de","9":"first","10":"instock","11":"shipping-taxable","12":"purchasable","13":"product-type-simple"},"acf":[],"_links":{"self":[{"href":"https:\/\/alfierisuisse.ch\/de\/wp-json\/wp\/v2\/product\/3658","targetHints":{"allow":["GET"]}}],"collection":[{"href":"https:\/\/alfierisuisse.ch\/de\/wp-json\/wp\/v2\/product"}],"about":[{"href":"https:\/\/alfierisuisse.ch\/de\/wp-json\/wp\/v2\/types\/product"}],"replies":[{"embeddable":true,"href":"https:\/\/alfierisuisse.ch\/de\/wp-json\/wp\/v2\/comments?post=3658"}],"wp:featuredmedia":[{"embeddable":true,"href":"https:\/\/alfierisuisse.ch\/de\/wp-json\/wp\/v2\/media\/1239"}],"wp:attachment":[{"href":"https:\/\/alfierisuisse.ch\/de\/wp-json\/wp\/v2\/media?parent=3658"}],"wp:term":[{"taxonomy":"product_cat","embeddable":true,"href":"https:\/\/alfierisuisse.ch\/de\/wp-json\/wp\/v2\/product_cat?post=3658"},{"taxonomy":"product_tag","embeddable":true,"href":"https:\/\/alfierisuisse.ch\/de\/wp-json\/wp\/v2\/product_tag?post=3658"}],"curies":[{"name":"wp","href":"https:\/\/api.w.org\/{rel}","templated":true}]}}

Primavera Pappardelle, 500g im Bündel

<p><b>Gewicht:</b> <span id="single_product__weight-template-product">0,5 kg</span></p>
<p><strong>Zutaten:</strong> Gelbe Pasta: Hartweizengrieß mit Ei Grüne Pasta: Hartweizengrieß mit Spinat Rote Pasta: Hartweizengrieß mit Tomate</p>
