{"id":3017,"date":"2023-01-25T16:14:14","date_gmt":"2023-01-25T16:14:14","guid":{"rendered":"https:\/\/elisak89.sg-host.com\/prodotto\/torta-nocciola-senza-farina-300-g\/"},"modified":"2026-04-17T16:04:25","modified_gmt":"2026-04-17T16:04:25","slug":"gateau-a-la-noisette-sans-farine-300-g","status":"publish","type":"product","link":"https:\/\/alfierisuisse.ch\/fr\/prodotto\/gateau-a-la-noisette-sans-farine-300-g\/","title":{"rendered":"TORTA DI NOCCIOLE 300 G"},"content":{"rendered":"","protected":false},"excerpt":{"rendered":"<p><\/strong>G\u00e2teau \u00e0 la noisette sans farine de bl\u00e9, 100% farine de noisette<strong><\/p>\n<p><strong>Poids: <\/strong>330 g<\/p>\n<p><strong>Ingr\u00e9dients<\/strong> : \u0153ufs, noisettes, sucre, beurre, vanilline, sorbate de potassium, poudre \u00e0 lever.<\/p>\n","protected":false},"featured_media":4200,"comment_status":"open","ping_status":"closed","template":"","meta":{"_acf_changed":false,"rank_math_lock_modified_date":false},"product_cat":[129],"product_tag":[210],"class_list":{"0":"post-3017","1":"product","2":"type-product","3":"status-publish","4":"has-post-thumbnail","6":"product_cat-desserts-et-miel","7":"product_tag-le-torte-di-nocciola-fr","9":"first","10":"instock","11":"shipping-taxable","12":"purchasable","13":"product-type-simple"},"acf":[],"_links":{"self":[{"href":"https:\/\/alfierisuisse.ch\/fr\/wp-json\/wp\/v2\/product\/3017","targetHints":{"allow":["GET"]}}],"collection":[{"href":"https:\/\/alfierisuisse.ch\/fr\/wp-json\/wp\/v2\/product"}],"about":[{"href":"https:\/\/alfierisuisse.ch\/fr\/wp-json\/wp\/v2\/types\/product"}],"replies":[{"embeddable":true,"href":"https:\/\/alfierisuisse.ch\/fr\/wp-json\/wp\/v2\/comments?post=3017"}],"wp:featuredmedia":[{"embeddable":true,"href":"https:\/\/alfierisuisse.ch\/fr\/wp-json\/wp\/v2\/media\/4200"}],"wp:attachment":[{"href":"https:\/\/alfierisuisse.ch\/fr\/wp-json\/wp\/v2\/media?parent=3017"}],"wp:term":[{"taxonomy":"product_cat","embeddable":true,"href":"https:\/\/alfierisuisse.ch\/fr\/wp-json\/wp\/v2\/product_cat?post=3017"},{"taxonomy":"product_tag","embeddable":true,"href":"https:\/\/alfierisuisse.ch\/fr\/wp-json\/wp\/v2\/product_tag?post=3017"}],"curies":[{"name":"wp","href":"https:\/\/api.w.org\/{rel}","templated":true}]}}

<p></strong>Gâteau à la noisette sans farine de blé, 100% farine de noisette<strong></p>
<p><strong>Poids: </strong>330 g</p>
<p><strong>Ingrédients</strong> : œufs, noisettes, sucre, beurre, vanilline, sorbate de potassium, poudre à lever.</p>
