{"id":3026,"date":"2023-01-25T16:13:47","date_gmt":"2023-01-25T16:13:47","guid":{"rendered":"https:\/\/elisak89.sg-host.com\/prodotto\/torcetti-burro-tubo-380-g\/"},"modified":"2026-04-17T15:51:24","modified_gmt":"2026-04-17T15:51:24","slug":"torcetti-au-beurre-380g","status":"publish","type":"product","link":"https:\/\/alfierisuisse.ch\/fr\/prodotto\/torcetti-au-beurre-380g\/","title":{"rendered":"TORCETTI AL BURRO 380 G"},"content":{"rendered":"","protected":false},"excerpt":{"rendered":"<p><strong>\u00ab Turcet \u00bb \u2013 biscuits typiques pi\u00e9montais au beurre<\/strong><\/p>\n<p><strong>Poids<\/strong>: 380 g<\/p>\n<p><strong>Ingr\u00e9dients<\/strong>: farine de bl\u00e9, sucre, beurre 23%, levure de bi\u00e8re, sel, farine de bl\u00e9 malt\u00e9, ar\u00f4mes.<\/p>\n","protected":false},"featured_media":4196,"comment_status":"open","ping_status":"closed","template":"","meta":{"_acf_changed":false,"rank_math_lock_modified_date":false},"product_cat":[129],"product_tag":[213],"class_list":{"0":"post-3026","1":"product","2":"type-product","3":"status-publish","4":"has-post-thumbnail","6":"product_cat-desserts-et-miel","7":"product_tag-torcetti-fr","9":"first","10":"instock","11":"shipping-taxable","12":"purchasable","13":"product-type-simple"},"acf":[],"_links":{"self":[{"href":"https:\/\/alfierisuisse.ch\/fr\/wp-json\/wp\/v2\/product\/3026","targetHints":{"allow":["GET"]}}],"collection":[{"href":"https:\/\/alfierisuisse.ch\/fr\/wp-json\/wp\/v2\/product"}],"about":[{"href":"https:\/\/alfierisuisse.ch\/fr\/wp-json\/wp\/v2\/types\/product"}],"replies":[{"embeddable":true,"href":"https:\/\/alfierisuisse.ch\/fr\/wp-json\/wp\/v2\/comments?post=3026"}],"wp:featuredmedia":[{"embeddable":true,"href":"https:\/\/alfierisuisse.ch\/fr\/wp-json\/wp\/v2\/media\/4196"}],"wp:attachment":[{"href":"https:\/\/alfierisuisse.ch\/fr\/wp-json\/wp\/v2\/media?parent=3026"}],"wp:term":[{"taxonomy":"product_cat","embeddable":true,"href":"https:\/\/alfierisuisse.ch\/fr\/wp-json\/wp\/v2\/product_cat?post=3026"},{"taxonomy":"product_tag","embeddable":true,"href":"https:\/\/alfierisuisse.ch\/fr\/wp-json\/wp\/v2\/product_tag?post=3026"}],"curies":[{"name":"wp","href":"https:\/\/api.w.org\/{rel}","templated":true}]}}

<p><strong>« Turcet » – biscuits typiques piémontais au beurre</strong></p>
<p><strong>Poids</strong>: 380 g</p>
<p><strong>Ingrédients</strong>: farine de blé, sucre, beurre 23%, levure de bière, sel, farine de blé malté, arômes.</p>
