{"id":3033,"date":"2023-01-25T16:13:02","date_gmt":"2023-01-25T16:13:02","guid":{"rendered":"https:\/\/elisak89.sg-host.com\/prodotto\/i-turcet-piemontesi-250-g-alta-pasticceria\/"},"modified":"2026-04-10T13:01:20","modified_gmt":"2026-04-10T13:01:20","slug":"turcet-haute-patisserie-piemontaise-250g","status":"publish","type":"product","link":"https:\/\/alfierisuisse.ch\/fr\/prodotto\/turcet-haute-patisserie-piemontaise-250g\/","title":{"rendered":"\u201cTURCET\u201d PIEMONTESI ALTA PASTICCERIA 250 G"},"content":{"rendered":"","protected":false},"excerpt":{"rendered":"<p>\u00ab\u00a0Turcet\u00a0\u00bb &#8211; biscuits typiques pi\u00e9montais <\/p>\n<p><strong>Poids<\/strong>: 250 g<\/p>\n<p><strong>Ingr\u00e9dients<\/strong>: farine de bl\u00e9 tendre typ \u00ab\u00a000\u00a0\u00bb, margarine v\u00e9g\u00e9tale non hydrog\u00e9n\u00e9e [graisses v\u00e9g\u00e9tales (coco) et huiles v\u00e9g\u00e9tales (tournesol), eau], sucre, beurre (lait), levure de bi\u00e8re, miel, sel, ar\u00f4me: vanilline.<\/p>\n","protected":false},"featured_media":4126,"comment_status":"open","ping_status":"closed","template":"","meta":{"_acf_changed":false,"rank_math_lock_modified_date":false},"product_cat":[129],"product_tag":[213],"class_list":{"0":"post-3033","1":"product","2":"type-product","3":"status-publish","4":"has-post-thumbnail","6":"product_cat-desserts-et-miel","7":"product_tag-torcetti-fr","9":"first","10":"instock","11":"shipping-taxable","12":"purchasable","13":"product-type-simple"},"acf":[],"_links":{"self":[{"href":"https:\/\/alfierisuisse.ch\/fr\/wp-json\/wp\/v2\/product\/3033","targetHints":{"allow":["GET"]}}],"collection":[{"href":"https:\/\/alfierisuisse.ch\/fr\/wp-json\/wp\/v2\/product"}],"about":[{"href":"https:\/\/alfierisuisse.ch\/fr\/wp-json\/wp\/v2\/types\/product"}],"replies":[{"embeddable":true,"href":"https:\/\/alfierisuisse.ch\/fr\/wp-json\/wp\/v2\/comments?post=3033"}],"wp:featuredmedia":[{"embeddable":true,"href":"https:\/\/alfierisuisse.ch\/fr\/wp-json\/wp\/v2\/media\/4126"}],"wp:attachment":[{"href":"https:\/\/alfierisuisse.ch\/fr\/wp-json\/wp\/v2\/media?parent=3033"}],"wp:term":[{"taxonomy":"product_cat","embeddable":true,"href":"https:\/\/alfierisuisse.ch\/fr\/wp-json\/wp\/v2\/product_cat?post=3033"},{"taxonomy":"product_tag","embeddable":true,"href":"https:\/\/alfierisuisse.ch\/fr\/wp-json\/wp\/v2\/product_tag?post=3033"}],"curies":[{"name":"wp","href":"https:\/\/api.w.org\/{rel}","templated":true}]}}

<p>« Turcet » &#8211; biscuits typiques piémontais </p>
<p><strong>Poids</strong>: 250 g</p>
<p><strong>Ingrédients</strong>: farine de blé tendre typ « 00 », margarine végétale non hydrogénée [graisses végétales (coco) et huiles végétales (tournesol), eau], sucre, beurre (lait), levure de bière, miel, sel, arôme: vanilline.</p>
