{"id":3055,"date":"2023-01-25T16:11:23","date_gmt":"2023-01-25T16:11:23","guid":{"rendered":"https:\/\/elisak89.sg-host.com\/prodotto\/amaretti-morbidi-cioccolato-250-g\/"},"modified":"2026-04-10T13:20:06","modified_gmt":"2026-04-10T13:20:06","slug":"amaretti-moelleux-au-chocolat-250g","status":"publish","type":"product","link":"https:\/\/alfierisuisse.ch\/fr\/prodotto\/amaretti-moelleux-au-chocolat-250g\/","title":{"rendered":"AMARETTI MORBIDI DI ALFIERI AL CIOCCOLATO 250 G"},"content":{"rendered":"","protected":false},"excerpt":{"rendered":"<p><strong>Amaretti doux au chocolat<\/strong><\/p>\n<p><strong>Poids<\/strong>: 250 g<\/p>\n<p><strong>Ingr\u00e9dients<\/strong>: Amaretti 85,4% [AMANDES douces 27,2%, sucre, blanc d&rsquo;\u0152UF pasteuris\u00e9, AMANDES am\u00e8res 5,4%, levure (diphosphates, carbonates de sodium), amidon de ma\u00efs, ar\u00f4mes, agent conservateur: sorbate de potassium], nappage chocolat 14,6% (sucre, p\u00e2te de cacao, beurre de cacao, \u00e9mulsifiant: l\u00e9cithine de SOJA, ar\u00f4mes).<\/p>\n","protected":false},"featured_media":4135,"comment_status":"open","ping_status":"closed","template":"","meta":{"_acf_changed":false,"rank_math_lock_modified_date":false},"product_cat":[129],"product_tag":[218],"class_list":{"0":"post-3055","1":"product","2":"type-product","3":"status-publish","4":"has-post-thumbnail","6":"product_cat-desserts-et-miel","7":"product_tag-gli-amaretti-fr","9":"first","10":"instock","11":"shipping-taxable","12":"purchasable","13":"product-type-simple"},"acf":[],"_links":{"self":[{"href":"https:\/\/alfierisuisse.ch\/fr\/wp-json\/wp\/v2\/product\/3055","targetHints":{"allow":["GET"]}}],"collection":[{"href":"https:\/\/alfierisuisse.ch\/fr\/wp-json\/wp\/v2\/product"}],"about":[{"href":"https:\/\/alfierisuisse.ch\/fr\/wp-json\/wp\/v2\/types\/product"}],"replies":[{"embeddable":true,"href":"https:\/\/alfierisuisse.ch\/fr\/wp-json\/wp\/v2\/comments?post=3055"}],"wp:featuredmedia":[{"embeddable":true,"href":"https:\/\/alfierisuisse.ch\/fr\/wp-json\/wp\/v2\/media\/4135"}],"wp:attachment":[{"href":"https:\/\/alfierisuisse.ch\/fr\/wp-json\/wp\/v2\/media?parent=3055"}],"wp:term":[{"taxonomy":"product_cat","embeddable":true,"href":"https:\/\/alfierisuisse.ch\/fr\/wp-json\/wp\/v2\/product_cat?post=3055"},{"taxonomy":"product_tag","embeddable":true,"href":"https:\/\/alfierisuisse.ch\/fr\/wp-json\/wp\/v2\/product_tag?post=3055"}],"curies":[{"name":"wp","href":"https:\/\/api.w.org\/{rel}","templated":true}]}}

<p><strong>Amaretti doux au chocolat</strong></p>
<p><strong>Poids</strong>: 250 g</p>
<p><strong>Ingrédients</strong>: Amaretti 85,4% [AMANDES douces 27,2%, sucre, blanc d&rsquo;ŒUF pasteurisé, AMANDES amères 5,4%, levure (diphosphates, carbonates de sodium), amidon de maïs, arômes, agent conservateur: sorbate de potassium], nappage chocolat 14,6% (sucre, pâte de cacao, beurre de cacao, émulsifiant: lécithine de SOJA, arômes).</p>
