{"id":3060,"date":"2023-01-25T16:11:02","date_gmt":"2023-01-25T16:11:02","guid":{"rendered":"https:\/\/elisak89.sg-host.com\/prodotto\/amaretti-morbidi-250-g\/"},"modified":"2026-04-10T13:11:29","modified_gmt":"2026-04-10T13:11:29","slug":"amaretti-moelleux-250g","status":"publish","type":"product","link":"https:\/\/alfierisuisse.ch\/fr\/prodotto\/amaretti-moelleux-250g\/","title":{"rendered":"AMARETTI MORBIDI DI ALFIERI 250 G"},"content":{"rendered":"","protected":false},"excerpt":{"rendered":"<p><strong>Amaretti doux de Alfieri<\/strong><\/p>\n<p><strong>Poids<\/strong>: 250 g<\/p>\n<p><strong>Ingr\u00e9dients<\/strong>: AMANDES douces 32%, sucre, blanc d&rsquo;\u0152UF pasteuris\u00e9, AMANDES am\u00e8res 6,3%, levure (diphosphates, carbonates de sodium), vanilline, ar\u00f4mes, sorbate de potassium.<\/p>\n","protected":false},"featured_media":4130,"comment_status":"open","ping_status":"closed","template":"","meta":{"_acf_changed":false,"rank_math_lock_modified_date":false},"product_cat":[129],"product_tag":[218],"class_list":{"0":"post-3060","1":"product","2":"type-product","3":"status-publish","4":"has-post-thumbnail","6":"product_cat-desserts-et-miel","7":"product_tag-gli-amaretti-fr","9":"first","10":"instock","11":"shipping-taxable","12":"purchasable","13":"product-type-simple"},"acf":[],"_links":{"self":[{"href":"https:\/\/alfierisuisse.ch\/fr\/wp-json\/wp\/v2\/product\/3060","targetHints":{"allow":["GET"]}}],"collection":[{"href":"https:\/\/alfierisuisse.ch\/fr\/wp-json\/wp\/v2\/product"}],"about":[{"href":"https:\/\/alfierisuisse.ch\/fr\/wp-json\/wp\/v2\/types\/product"}],"replies":[{"embeddable":true,"href":"https:\/\/alfierisuisse.ch\/fr\/wp-json\/wp\/v2\/comments?post=3060"}],"wp:featuredmedia":[{"embeddable":true,"href":"https:\/\/alfierisuisse.ch\/fr\/wp-json\/wp\/v2\/media\/4130"}],"wp:attachment":[{"href":"https:\/\/alfierisuisse.ch\/fr\/wp-json\/wp\/v2\/media?parent=3060"}],"wp:term":[{"taxonomy":"product_cat","embeddable":true,"href":"https:\/\/alfierisuisse.ch\/fr\/wp-json\/wp\/v2\/product_cat?post=3060"},{"taxonomy":"product_tag","embeddable":true,"href":"https:\/\/alfierisuisse.ch\/fr\/wp-json\/wp\/v2\/product_tag?post=3060"}],"curies":[{"name":"wp","href":"https:\/\/api.w.org\/{rel}","templated":true}]}}

<p><strong>Amaretti doux de Alfieri</strong></p>
<p><strong>Poids</strong>: 250 g</p>
<p><strong>Ingrédients</strong>: AMANDES douces 32%, sucre, blanc d&rsquo;ŒUF pasteurisé, AMANDES amères 6,3%, levure (diphosphates, carbonates de sodium), vanilline, arômes, sorbate de potassium.</p>
