{"id":3063,"date":"2023-01-25T16:10:08","date_gmt":"2023-01-25T16:10:08","guid":{"rendered":"https:\/\/elisak89.sg-host.com\/prodotto\/amaretti-mombaruzzo-doppio-incarto-250g\/"},"modified":"2026-04-10T13:28:06","modified_gmt":"2026-04-10T13:28:06","slug":"amaretti-moelleux-de-mombaruzzo-250g","status":"publish","type":"product","link":"https:\/\/alfierisuisse.ch\/fr\/prodotto\/amaretti-moelleux-de-mombaruzzo-250g\/","title":{"rendered":"AMARETTI MORBIDI DI MOMBARUZZO 250 G"},"content":{"rendered":"","protected":false},"excerpt":{"rendered":"<p><strong>Amaretti doux de Mombaruzzo<\/strong><\/p>\n<p><strong>Poids<\/strong>: 250 g<\/p>\n<p><strong>Ingr\u00e9dients<\/strong>: amandes douces, sucre semoule, blanc d&rsquo;\u0153uf pasteuris\u00e9, amandes am\u00e8res, agents levants (diphosphate de sodium, carbonate, acide de sodium), vanilline, ar\u00f4mes, sorbate de potassium.<\/p>\n","protected":false},"featured_media":4139,"comment_status":"open","ping_status":"closed","template":"","meta":{"_acf_changed":false,"rank_math_lock_modified_date":false},"product_cat":[129],"product_tag":[218],"class_list":{"0":"post-3063","1":"product","2":"type-product","3":"status-publish","4":"has-post-thumbnail","6":"product_cat-desserts-et-miel","7":"product_tag-gli-amaretti-fr","9":"first","10":"instock","11":"shipping-taxable","12":"purchasable","13":"product-type-simple"},"acf":[],"_links":{"self":[{"href":"https:\/\/alfierisuisse.ch\/fr\/wp-json\/wp\/v2\/product\/3063","targetHints":{"allow":["GET"]}}],"collection":[{"href":"https:\/\/alfierisuisse.ch\/fr\/wp-json\/wp\/v2\/product"}],"about":[{"href":"https:\/\/alfierisuisse.ch\/fr\/wp-json\/wp\/v2\/types\/product"}],"replies":[{"embeddable":true,"href":"https:\/\/alfierisuisse.ch\/fr\/wp-json\/wp\/v2\/comments?post=3063"}],"wp:featuredmedia":[{"embeddable":true,"href":"https:\/\/alfierisuisse.ch\/fr\/wp-json\/wp\/v2\/media\/4139"}],"wp:attachment":[{"href":"https:\/\/alfierisuisse.ch\/fr\/wp-json\/wp\/v2\/media?parent=3063"}],"wp:term":[{"taxonomy":"product_cat","embeddable":true,"href":"https:\/\/alfierisuisse.ch\/fr\/wp-json\/wp\/v2\/product_cat?post=3063"},{"taxonomy":"product_tag","embeddable":true,"href":"https:\/\/alfierisuisse.ch\/fr\/wp-json\/wp\/v2\/product_tag?post=3063"}],"curies":[{"name":"wp","href":"https:\/\/api.w.org\/{rel}","templated":true}]}}

<p><strong>Amaretti doux de Mombaruzzo</strong></p>
<p><strong>Poids</strong>: 250 g</p>
<p><strong>Ingrédients</strong>: amandes douces, sucre semoule, blanc d&rsquo;œuf pasteurisé, amandes amères, agents levants (diphosphate de sodium, carbonate, acide de sodium), vanilline, arômes, sorbate de potassium.</p>
