{"id":3066,"date":"2023-01-25T16:09:34","date_gmt":"2023-01-25T16:09:34","guid":{"rendered":"https:\/\/elisak89.sg-host.com\/prodotto\/paste-di-mais-250-g\/"},"modified":"2026-04-17T15:14:15","modified_gmt":"2026-04-17T15:14:15","slug":"paste-di-mais-meliga-300-g","status":"publish","type":"product","link":"https:\/\/alfierisuisse.ch\/fr\/prodotto\/paste-di-mais-meliga-300-g\/","title":{"rendered":"PASTE DI MELIGA ALTA PASTICCERIA 300 G"},"content":{"rendered":"","protected":false},"excerpt":{"rendered":"<p><strong>Biscuits de ma\u00efs<\/strong><\/p>\n<p><strong>Poids<\/strong>: 300 g<\/p>\n<p><strong>Ingr\u00e9dients<\/strong>: farine de bl\u00e9 type \u00ab\u00a000\u00a0\u00bb, beurre, sucre, farine de ma\u00efs 18%, \u0153ufs frais, poudre \u00e0 lever, ar\u00f4mes.<\/p>\n","protected":false},"featured_media":4188,"comment_status":"open","ping_status":"closed","template":"","meta":{"_acf_changed":false,"rank_math_lock_modified_date":false},"product_cat":[129],"product_tag":[160],"class_list":{"0":"post-3066","1":"product","2":"type-product","3":"status-publish","4":"has-post-thumbnail","6":"product_cat-desserts-et-miel","7":"product_tag-la-patisserie","9":"first","10":"instock","11":"shipping-taxable","12":"purchasable","13":"product-type-simple"},"acf":[],"_links":{"self":[{"href":"https:\/\/alfierisuisse.ch\/fr\/wp-json\/wp\/v2\/product\/3066","targetHints":{"allow":["GET"]}}],"collection":[{"href":"https:\/\/alfierisuisse.ch\/fr\/wp-json\/wp\/v2\/product"}],"about":[{"href":"https:\/\/alfierisuisse.ch\/fr\/wp-json\/wp\/v2\/types\/product"}],"replies":[{"embeddable":true,"href":"https:\/\/alfierisuisse.ch\/fr\/wp-json\/wp\/v2\/comments?post=3066"}],"wp:featuredmedia":[{"embeddable":true,"href":"https:\/\/alfierisuisse.ch\/fr\/wp-json\/wp\/v2\/media\/4188"}],"wp:attachment":[{"href":"https:\/\/alfierisuisse.ch\/fr\/wp-json\/wp\/v2\/media?parent=3066"}],"wp:term":[{"taxonomy":"product_cat","embeddable":true,"href":"https:\/\/alfierisuisse.ch\/fr\/wp-json\/wp\/v2\/product_cat?post=3066"},{"taxonomy":"product_tag","embeddable":true,"href":"https:\/\/alfierisuisse.ch\/fr\/wp-json\/wp\/v2\/product_tag?post=3066"}],"curies":[{"name":"wp","href":"https:\/\/api.w.org\/{rel}","templated":true}]}}

<p><strong>Biscuits de maïs</strong></p>
<p><strong>Poids</strong>: 300 g</p>
<p><strong>Ingrédients</strong>: farine de blé type « 00 », beurre, sucre, farine de maïs 18%, œufs frais, poudre à lever, arômes.</p>
