{"id":3069,"date":"2023-01-25T16:09:15","date_gmt":"2023-01-25T16:09:15","guid":{"rendered":"https:\/\/elisak89.sg-host.com\/prodotto\/grissini-con-cioccolato-fondente-200-g\/"},"modified":"2026-04-17T14:33:06","modified_gmt":"2026-04-17T14:33:06","slug":"grissini-au-chocolat-noir-200g","status":"publish","type":"product","link":"https:\/\/alfierisuisse.ch\/fr\/prodotto\/grissini-au-chocolat-noir-200g\/","title":{"rendered":"GRISSINI CON CIOCCOLATO FONDENTE 200 G"},"content":{"rendered":"","protected":false},"excerpt":{"rendered":"<p><strong>Gressins au chocolat noir<\/strong><\/p>\n<p><strong>Poids<\/strong> : 200 g<\/p>\n<p><strong>Ingr\u00e9dients<\/strong> : Farine de bl\u00e9 tendre typ \u00a0\u00bb0\u00a0\u00bb, levain, huile d&rsquo;olive extra vierge 4%, malt d&rsquo;orge, eau, sel, levure. Couverture au chocolat noir 40%: sucre, graisses v\u00e9g\u00e9tales, cacao maigre, beurre de cacao, lactose, \u00e9mulsifiant: l\u00e9cithine de soja, ar\u00f4mes.<\/p>\n","protected":false},"featured_media":4182,"comment_status":"open","ping_status":"closed","template":"","meta":{"_acf_changed":false,"rank_math_lock_modified_date":false},"product_cat":[129],"product_tag":[160],"class_list":{"0":"post-3069","1":"product","2":"type-product","3":"status-publish","4":"has-post-thumbnail","6":"product_cat-desserts-et-miel","7":"product_tag-la-patisserie","9":"first","10":"instock","11":"shipping-taxable","12":"purchasable","13":"product-type-simple"},"acf":[],"_links":{"self":[{"href":"https:\/\/alfierisuisse.ch\/fr\/wp-json\/wp\/v2\/product\/3069","targetHints":{"allow":["GET"]}}],"collection":[{"href":"https:\/\/alfierisuisse.ch\/fr\/wp-json\/wp\/v2\/product"}],"about":[{"href":"https:\/\/alfierisuisse.ch\/fr\/wp-json\/wp\/v2\/types\/product"}],"replies":[{"embeddable":true,"href":"https:\/\/alfierisuisse.ch\/fr\/wp-json\/wp\/v2\/comments?post=3069"}],"wp:featuredmedia":[{"embeddable":true,"href":"https:\/\/alfierisuisse.ch\/fr\/wp-json\/wp\/v2\/media\/4182"}],"wp:attachment":[{"href":"https:\/\/alfierisuisse.ch\/fr\/wp-json\/wp\/v2\/media?parent=3069"}],"wp:term":[{"taxonomy":"product_cat","embeddable":true,"href":"https:\/\/alfierisuisse.ch\/fr\/wp-json\/wp\/v2\/product_cat?post=3069"},{"taxonomy":"product_tag","embeddable":true,"href":"https:\/\/alfierisuisse.ch\/fr\/wp-json\/wp\/v2\/product_tag?post=3069"}],"curies":[{"name":"wp","href":"https:\/\/api.w.org\/{rel}","templated":true}]}}

<p><strong>Gressins au chocolat noir</strong></p>
<p><strong>Poids</strong> : 200 g</p>
<p><strong>Ingrédients</strong> : Farine de blé tendre typ  »0 », levain, huile d&rsquo;olive extra vierge 4%, malt d&rsquo;orge, eau, sel, levure. Couverture au chocolat noir 40%: sucre, graisses végétales, cacao maigre, beurre de cacao, lactose, émulsifiant: lécithine de soja, arômes.</p>
