{"id":3130,"date":"2023-01-25T16:01:25","date_gmt":"2023-01-25T16:01:25","guid":{"rendered":"https:\/\/elisak89.sg-host.com\/prodotto\/schiacciatine-patate-e-rosmarino-200-g\/"},"modified":"2023-12-15T16:02:22","modified_gmt":"2023-12-15T16:02:22","slug":"pain-plat-aux-pommes-de-terre-et-au-romarin-200g","status":"publish","type":"product","link":"https:\/\/alfierisuisse.ch\/fr\/prodotto\/pain-plat-aux-pommes-de-terre-et-au-romarin-200g\/","title":{"rendered":"Pain plat aux pommes de terre et au romarin 200g"},"content":{"rendered":"","protected":false},"excerpt":{"rendered":"<p><strong>Poids<\/strong> : 200g<\/p>\n<p><strong>Ingr\u00e9dients<\/strong> : Farine de BL\u00c9 tendre type &rsquo;00&rsquo;, eau, huile d&rsquo;olive extra vierge, Biga (farine de BL\u00c9, levain, eau), levure de bi\u00e8re, farine de BL\u00c9 malt\u00e9, sel, aromatis\u00e9 au romarin et aux pommes de terre cuites au four.<\/p>\n","protected":false},"featured_media":0,"comment_status":"open","ping_status":"closed","template":"","meta":{"_acf_changed":false,"rank_math_lock_modified_date":false},"product_cat":[141],"product_tag":[170],"class_list":{"0":"post-3130","1":"product","2":"type-product","3":"status-publish","5":"product_cat-grissini-et-fougasses","6":"product_tag-batonnets-de-pain-brioches","8":"first","9":"instock","10":"shipping-taxable","11":"purchasable","12":"product-type-simple"},"acf":[],"_links":{"self":[{"href":"https:\/\/alfierisuisse.ch\/fr\/wp-json\/wp\/v2\/product\/3130","targetHints":{"allow":["GET"]}}],"collection":[{"href":"https:\/\/alfierisuisse.ch\/fr\/wp-json\/wp\/v2\/product"}],"about":[{"href":"https:\/\/alfierisuisse.ch\/fr\/wp-json\/wp\/v2\/types\/product"}],"replies":[{"embeddable":true,"href":"https:\/\/alfierisuisse.ch\/fr\/wp-json\/wp\/v2\/comments?post=3130"}],"wp:attachment":[{"href":"https:\/\/alfierisuisse.ch\/fr\/wp-json\/wp\/v2\/media?parent=3130"}],"wp:term":[{"taxonomy":"product_cat","embeddable":true,"href":"https:\/\/alfierisuisse.ch\/fr\/wp-json\/wp\/v2\/product_cat?post=3130"},{"taxonomy":"product_tag","embeddable":true,"href":"https:\/\/alfierisuisse.ch\/fr\/wp-json\/wp\/v2\/product_tag?post=3130"}],"curies":[{"name":"wp","href":"https:\/\/api.w.org\/{rel}","templated":true}]}}

<p><strong>Poids</strong> : 200g</p>
<p><strong>Ingrédients</strong> : Farine de BLÉ tendre type &rsquo;00&rsquo;, eau, huile d&rsquo;olive extra vierge, Biga (farine de BLÉ, levain, eau), levure de bière, farine de BLÉ malté, sel, aromatisé au romarin et aux pommes de terre cuites au four.</p>
