{"id":3150,"date":"2023-01-25T15:59:48","date_gmt":"2023-01-25T15:59:48","guid":{"rendered":"https:\/\/elisak89.sg-host.com\/prodotto\/bastoncini-di-langa-7-cereali-250-g\/"},"modified":"2023-12-18T12:45:14","modified_gmt":"2023-12-18T12:45:14","slug":"grissini-de-langhe-aux-7-cereales-250g","status":"publish","type":"product","link":"https:\/\/alfierisuisse.ch\/fr\/prodotto\/grissini-de-langhe-aux-7-cereales-250g\/","title":{"rendered":"Grissini de Langhe aux 7 c\u00e9r\u00e9ales 250g"},"content":{"rendered":"","protected":false},"excerpt":{"rendered":"<p><strong>Poids<\/strong> : 0,25 kg<\/p>\n<p><strong>Ingr\u00e9dients<\/strong> : C\u00e9r\u00e9ales (farine de bl\u00e9 tendre type &rsquo;00&rsquo;, seigle, orge, \u00e9peautre, flocons d&rsquo;avoine, farine de ma\u00efs, farine de riz, graines de tournesol, graines de s\u00e9same), levain de bl\u00e9 s\u00e9ch\u00e9 (farine de bl\u00e9 malt\u00e9e, levain, sucre de canne, huile d&rsquo;olive extra vierge, huile v\u00e9g\u00e9tale, sel, dextrose, malt d&rsquo;orge et farine de malt de bl\u00e9 tendre), levure.<\/p>\n","protected":false},"featured_media":1500,"comment_status":"open","ping_status":"closed","template":"","meta":{"_acf_changed":false,"rank_math_lock_modified_date":false},"product_cat":[141],"product_tag":[170],"class_list":{"0":"post-3150","1":"product","2":"type-product","3":"status-publish","4":"has-post-thumbnail","6":"product_cat-grissini-et-fougasses","7":"product_tag-batonnets-de-pain-brioches","9":"first","10":"instock","11":"shipping-taxable","12":"purchasable","13":"product-type-simple"},"acf":[],"_links":{"self":[{"href":"https:\/\/alfierisuisse.ch\/fr\/wp-json\/wp\/v2\/product\/3150","targetHints":{"allow":["GET"]}}],"collection":[{"href":"https:\/\/alfierisuisse.ch\/fr\/wp-json\/wp\/v2\/product"}],"about":[{"href":"https:\/\/alfierisuisse.ch\/fr\/wp-json\/wp\/v2\/types\/product"}],"replies":[{"embeddable":true,"href":"https:\/\/alfierisuisse.ch\/fr\/wp-json\/wp\/v2\/comments?post=3150"}],"wp:featuredmedia":[{"embeddable":true,"href":"https:\/\/alfierisuisse.ch\/fr\/wp-json\/wp\/v2\/media\/1500"}],"wp:attachment":[{"href":"https:\/\/alfierisuisse.ch\/fr\/wp-json\/wp\/v2\/media?parent=3150"}],"wp:term":[{"taxonomy":"product_cat","embeddable":true,"href":"https:\/\/alfierisuisse.ch\/fr\/wp-json\/wp\/v2\/product_cat?post=3150"},{"taxonomy":"product_tag","embeddable":true,"href":"https:\/\/alfierisuisse.ch\/fr\/wp-json\/wp\/v2\/product_tag?post=3150"}],"curies":[{"name":"wp","href":"https:\/\/api.w.org\/{rel}","templated":true}]}}

Grissini de Langhe aux 7 céréales 250g

<p><strong>Poids</strong> : 0,25 kg</p>
<p><strong>Ingrédients</strong> : Céréales (farine de blé tendre type &rsquo;00&rsquo;, seigle, orge, épeautre, flocons d&rsquo;avoine, farine de maïs, farine de riz, graines de tournesol, graines de sésame), levain de blé séché (farine de blé maltée, levain, sucre de canne, huile d&rsquo;olive extra vierge, huile végétale, sel, dextrose, malt d&rsquo;orge et farine de malt de blé tendre), levure.</p>
