{"id":3253,"date":"2023-01-25T15:08:57","date_gmt":"2023-01-25T15:08:57","guid":{"rendered":"https:\/\/elisak89.sg-host.com\/prodotto\/tartufette-80-g\/"},"modified":"2023-12-19T10:46:58","modified_gmt":"2023-12-19T10:46:58","slug":"pralines-au-chocolat-aromatises-a-la-truffe-80g","status":"publish","type":"product","link":"https:\/\/alfierisuisse.ch\/fr\/prodotto\/pralines-au-chocolat-aromatises-a-la-truffe-80g\/","title":{"rendered":"Pralin\u00e9s au chocolat aromatis\u00e9s \u00e0 la truffe 80g"},"content":{"rendered":"","protected":false},"excerpt":{"rendered":"<p><strong>Poids :<\/strong> 0,8 kg<\/p>\n<p><strong>Ingr\u00e9dients :<\/strong> Truffe d&rsquo;\u00e9t\u00e9 tranch\u00e9e, eau, sel, ar\u00f4me de truffe.<\/p>\n","protected":false},"featured_media":1416,"comment_status":"open","ping_status":"closed","template":"","meta":{"_acf_changed":false,"rank_math_lock_modified_date":false},"product_cat":[138,111],"product_tag":[181],"class_list":{"0":"post-3253","1":"product","2":"type-product","3":"status-publish","4":"has-post-thumbnail","6":"product_cat-gourmandises-a-la-truffe","7":"product_cat-special-truffe","8":"product_tag-les-delices-de-la-truffe","10":"first","11":"instock","12":"shipping-taxable","13":"purchasable","14":"product-type-simple"},"acf":[],"_links":{"self":[{"href":"https:\/\/alfierisuisse.ch\/fr\/wp-json\/wp\/v2\/product\/3253","targetHints":{"allow":["GET"]}}],"collection":[{"href":"https:\/\/alfierisuisse.ch\/fr\/wp-json\/wp\/v2\/product"}],"about":[{"href":"https:\/\/alfierisuisse.ch\/fr\/wp-json\/wp\/v2\/types\/product"}],"replies":[{"embeddable":true,"href":"https:\/\/alfierisuisse.ch\/fr\/wp-json\/wp\/v2\/comments?post=3253"}],"wp:featuredmedia":[{"embeddable":true,"href":"https:\/\/alfierisuisse.ch\/fr\/wp-json\/wp\/v2\/media\/1416"}],"wp:attachment":[{"href":"https:\/\/alfierisuisse.ch\/fr\/wp-json\/wp\/v2\/media?parent=3253"}],"wp:term":[{"taxonomy":"product_cat","embeddable":true,"href":"https:\/\/alfierisuisse.ch\/fr\/wp-json\/wp\/v2\/product_cat?post=3253"},{"taxonomy":"product_tag","embeddable":true,"href":"https:\/\/alfierisuisse.ch\/fr\/wp-json\/wp\/v2\/product_tag?post=3253"}],"curies":[{"name":"wp","href":"https:\/\/api.w.org\/{rel}","templated":true}]}}

Pralinés au chocolat aromatisés à la truffe 80g

<p><strong>Poids :</strong> 0,8 kg</p>
<p><strong>Ingrédients :</strong> Truffe d&rsquo;été tranchée, eau, sel, arôme de truffe.</p>
