{"id":3378,"date":"2023-01-25T14:50:02","date_gmt":"2023-01-25T14:50:02","guid":{"rendered":"https:\/\/elisak89.sg-host.com\/prodotto\/sugo-carne-piemontese-180-g\/"},"modified":"2023-12-20T13:09:32","modified_gmt":"2023-12-20T13:09:32","slug":"sauce-a-la-viande-a-la-piemontaise-180g","status":"publish","type":"product","link":"https:\/\/alfierisuisse.ch\/fr\/prodotto\/sauce-a-la-viande-a-la-piemontaise-180g\/","title":{"rendered":"Sauce \u00e0 la viande \u00e0 la pi\u00e9montaise 180g"},"content":{"rendered":"","protected":false},"excerpt":{"rendered":"<p><b>Poids :<\/b> <span id=\"single_product__weight-template-product\">0,18 kg<\/span><\/p>\n<p><strong>Ingr\u00e9dients :<\/strong> Tomates italiennes, viande italienne (b\u0153uf pi\u00e9montais, porc national et lapin), oignons, carottes, c\u00e9leri, vin Barbera d&rsquo;Alba DOC (contient des sulfites), huile d&rsquo;olive extra vierge, sel et herbes aromatiques, r\u00e9gulateur d&rsquo;acidit\u00e9 : acide lactique.<\/p>\n","protected":false},"featured_media":1380,"comment_status":"open","ping_status":"closed","template":"","meta":{"_acf_changed":false,"rank_math_lock_modified_date":false},"product_cat":[144],"product_tag":[179],"class_list":{"0":"post-3378","1":"product","2":"type-product","3":"status-publish","4":"has-post-thumbnail","6":"product_cat-sauces-fr","7":"product_tag-sauces","9":"first","10":"instock","11":"shipping-taxable","12":"purchasable","13":"product-type-simple"},"acf":[],"_links":{"self":[{"href":"https:\/\/alfierisuisse.ch\/fr\/wp-json\/wp\/v2\/product\/3378","targetHints":{"allow":["GET"]}}],"collection":[{"href":"https:\/\/alfierisuisse.ch\/fr\/wp-json\/wp\/v2\/product"}],"about":[{"href":"https:\/\/alfierisuisse.ch\/fr\/wp-json\/wp\/v2\/types\/product"}],"replies":[{"embeddable":true,"href":"https:\/\/alfierisuisse.ch\/fr\/wp-json\/wp\/v2\/comments?post=3378"}],"wp:featuredmedia":[{"embeddable":true,"href":"https:\/\/alfierisuisse.ch\/fr\/wp-json\/wp\/v2\/media\/1380"}],"wp:attachment":[{"href":"https:\/\/alfierisuisse.ch\/fr\/wp-json\/wp\/v2\/media?parent=3378"}],"wp:term":[{"taxonomy":"product_cat","embeddable":true,"href":"https:\/\/alfierisuisse.ch\/fr\/wp-json\/wp\/v2\/product_cat?post=3378"},{"taxonomy":"product_tag","embeddable":true,"href":"https:\/\/alfierisuisse.ch\/fr\/wp-json\/wp\/v2\/product_tag?post=3378"}],"curies":[{"name":"wp","href":"https:\/\/api.w.org\/{rel}","templated":true}]}}

Sauce à la viande à la piémontaise 180g

<p><b>Poids :</b> <span id="single_product__weight-template-product">0,18 kg</span></p>
<p><strong>Ingrédients :</strong> Tomates italiennes, viande italienne (bœuf piémontais, porc national et lapin), oignons, carottes, céleri, vin Barbera d&rsquo;Alba DOC (contient des sulfites), huile d&rsquo;olive extra vierge, sel et herbes aromatiques, régulateur d&rsquo;acidité : acide lactique.</p>
