{"id":3467,"date":"2023-01-25T14:43:07","date_gmt":"2023-01-25T14:43:07","guid":{"rendered":"https:\/\/elisak89.sg-host.com\/prodotto\/antipasto-di-verdure-280-g\/"},"modified":"2026-03-20T10:42:29","modified_gmt":"2026-03-20T10:42:29","slug":"antipasti-de-legumes-280g","status":"publish","type":"product","link":"https:\/\/alfierisuisse.ch\/fr\/prodotto\/antipasti-de-legumes-280g\/","title":{"rendered":"ANTIPASTO DI VERDURE 280 G"},"content":{"rendered":"","protected":false},"excerpt":{"rendered":"<p><b>Poids :<\/b> 280 <span id=\"single_product__weight-template-product\">g<\/span><\/p>\n<p><strong>Ingr\u00e9dients :<\/strong> l\u00e9gumes m\u00e9lang\u00e9s en proportion variable (tomates italiennes, poivrons, carottes, c\u00e9leri, oignons, haricots verts, petits oignons, chou-fleur), olives, sucre, huile d&rsquo;olive extra vierge, sel, vinaigre de vin, \u00e9pices.<\/p>\n","protected":false},"featured_media":4077,"comment_status":"open","ping_status":"closed","template":"","meta":{"_acf_changed":false,"rank_math_lock_modified_date":false},"product_cat":[126],"product_tag":[199],"class_list":{"0":"post-3467","1":"product","2":"type-product","3":"status-publish","4":"has-post-thumbnail","6":"product_cat-aperitifs","7":"product_tag-debutants","9":"first","10":"instock","11":"shipping-taxable","12":"purchasable","13":"product-type-simple"},"acf":[],"_links":{"self":[{"href":"https:\/\/alfierisuisse.ch\/fr\/wp-json\/wp\/v2\/product\/3467","targetHints":{"allow":["GET"]}}],"collection":[{"href":"https:\/\/alfierisuisse.ch\/fr\/wp-json\/wp\/v2\/product"}],"about":[{"href":"https:\/\/alfierisuisse.ch\/fr\/wp-json\/wp\/v2\/types\/product"}],"replies":[{"embeddable":true,"href":"https:\/\/alfierisuisse.ch\/fr\/wp-json\/wp\/v2\/comments?post=3467"}],"wp:featuredmedia":[{"embeddable":true,"href":"https:\/\/alfierisuisse.ch\/fr\/wp-json\/wp\/v2\/media\/4077"}],"wp:attachment":[{"href":"https:\/\/alfierisuisse.ch\/fr\/wp-json\/wp\/v2\/media?parent=3467"}],"wp:term":[{"taxonomy":"product_cat","embeddable":true,"href":"https:\/\/alfierisuisse.ch\/fr\/wp-json\/wp\/v2\/product_cat?post=3467"},{"taxonomy":"product_tag","embeddable":true,"href":"https:\/\/alfierisuisse.ch\/fr\/wp-json\/wp\/v2\/product_tag?post=3467"}],"curies":[{"name":"wp","href":"https:\/\/api.w.org\/{rel}","templated":true}]}}

<p><b>Poids :</b> 280 <span id="single_product__weight-template-product">g</span></p>
<p><strong>Ingrédients :</strong> légumes mélangés en proportion variable (tomates italiennes, poivrons, carottes, céleri, oignons, haricots verts, petits oignons, chou-fleur), olives, sucre, huile d&rsquo;olive extra vierge, sel, vinaigre de vin, épices.</p>
