{"id":3514,"date":"2023-01-24T09:31:27","date_gmt":"2023-01-24T09:31:27","guid":{"rendered":"https:\/\/elisak89.sg-host.com\/prodotto\/tortellini-secchi-carne-500g\/"},"modified":"2023-12-28T20:50:51","modified_gmt":"2023-12-28T20:50:51","slug":"tortellini-secs-au-jambon-cru-500g","status":"publish","type":"product","link":"https:\/\/alfierisuisse.ch\/fr\/prodotto\/tortellini-secs-au-jambon-cru-500g\/","title":{"rendered":"Tortellini secs au jambon cru 500g"},"content":{"rendered":"","protected":false},"excerpt":{"rendered":"<p><b>Poids :<\/b> 500g<\/p>\n<p><strong>Ingr\u00e9dients :<\/strong> P\u00e2te (72%) : semoule de bl\u00e9 dur, \u0153ufs de poules \u00e9lev\u00e9es en plein air (19,4% sur la p\u00e2te). Garniture (28%) : mortadelle (45,3% dans la garniture) (viande de porc, gras de porc, sel, \u00e9pices, ar\u00f4mes naturels), chapelure (farine de bl\u00e9 tendre type \u00ab\u00a00\u00a0\u00bb, sel), margarine [graisse de noix de coco, huiles v\u00e9g\u00e9tales (tournesol, soja, colza), eau], jambon cru (3,1% dans la garniture) (viande de porc, sel), sel, ar\u00f4mes, fromage fondu en poudre (lait, lactos\u00e9rum, sel, enzymes), \u00e9pices.<\/p>\n","protected":false},"featured_media":2029,"comment_status":"open","ping_status":"closed","template":"","meta":{"_acf_changed":false,"rank_math_lock_modified_date":false},"product_cat":[117],"product_tag":[195],"class_list":{"0":"post-3514","1":"product","2":"type-product","3":"status-publish","4":"has-post-thumbnail","6":"product_cat-pates","7":"product_tag-pates-aux-oeufs-farcies","9":"first","10":"instock","11":"shipping-taxable","12":"purchasable","13":"product-type-simple"},"acf":[],"_links":{"self":[{"href":"https:\/\/alfierisuisse.ch\/fr\/wp-json\/wp\/v2\/product\/3514","targetHints":{"allow":["GET"]}}],"collection":[{"href":"https:\/\/alfierisuisse.ch\/fr\/wp-json\/wp\/v2\/product"}],"about":[{"href":"https:\/\/alfierisuisse.ch\/fr\/wp-json\/wp\/v2\/types\/product"}],"replies":[{"embeddable":true,"href":"https:\/\/alfierisuisse.ch\/fr\/wp-json\/wp\/v2\/comments?post=3514"}],"wp:featuredmedia":[{"embeddable":true,"href":"https:\/\/alfierisuisse.ch\/fr\/wp-json\/wp\/v2\/media\/2029"}],"wp:attachment":[{"href":"https:\/\/alfierisuisse.ch\/fr\/wp-json\/wp\/v2\/media?parent=3514"}],"wp:term":[{"taxonomy":"product_cat","embeddable":true,"href":"https:\/\/alfierisuisse.ch\/fr\/wp-json\/wp\/v2\/product_cat?post=3514"},{"taxonomy":"product_tag","embeddable":true,"href":"https:\/\/alfierisuisse.ch\/fr\/wp-json\/wp\/v2\/product_tag?post=3514"}],"curies":[{"name":"wp","href":"https:\/\/api.w.org\/{rel}","templated":true}]}}

<p><b>Poids :</b> 500g</p>
<p><strong>Ingrédients :</strong> Pâte (72%) : semoule de blé dur, œufs de poules élevées en plein air (19,4% sur la pâte). Garniture (28%) : mortadelle (45,3% dans la garniture) (viande de porc, gras de porc, sel, épices, arômes naturels), chapelure (farine de blé tendre type « 0 », sel), margarine [graisse de noix de coco, huiles végétales (tournesol, soja, colza), eau], jambon cru (3,1% dans la garniture) (viande de porc, sel), sel, arômes, fromage fondu en poudre (lait, lactosérum, sel, enzymes), épices.</p>
