{"id":3645,"date":"2023-01-24T09:13:28","date_gmt":"2023-01-24T09:13:28","guid":{"rendered":"https:\/\/elisak89.sg-host.com\/prodotto\/fettuccine-uovo-distese-astuccio-250-g\/"},"modified":"2024-01-03T10:20:27","modified_gmt":"2024-01-03T10:20:27","slug":"fettuccine-aux-oeufs-etalees-en-boite-250g","status":"publish","type":"product","link":"https:\/\/alfierisuisse.ch\/fr\/prodotto\/fettuccine-aux-oeufs-etalees-en-boite-250g\/","title":{"rendered":"Fettuccine aux \u0153ufs \u00e9tal\u00e9es en bo\u00eete, 250g"},"content":{"rendered":"","protected":false},"excerpt":{"rendered":"<p><b>Poids :<\/b> <span id=\"single_product__weight-template-product\">0,25 kg<\/span><\/p>\n<p><strong>Ingr\u00e9dients :<\/strong> Semoule de bl\u00e9 dur, \u0153ufs frais pasteuris\u00e9s<\/p>\n","protected":false},"featured_media":1247,"comment_status":"open","ping_status":"closed","template":"","meta":{"_acf_changed":false,"rank_math_lock_modified_date":false},"product_cat":[117],"product_tag":[252],"class_list":{"0":"post-3645","1":"product","2":"type-product","3":"status-publish","4":"has-post-thumbnail","6":"product_cat-pates","7":"product_tag-le-fettuccine-e-le-tagliatelle-fr","9":"first","10":"instock","11":"shipping-taxable","12":"purchasable","13":"product-type-simple"},"acf":[],"_links":{"self":[{"href":"https:\/\/alfierisuisse.ch\/fr\/wp-json\/wp\/v2\/product\/3645","targetHints":{"allow":["GET"]}}],"collection":[{"href":"https:\/\/alfierisuisse.ch\/fr\/wp-json\/wp\/v2\/product"}],"about":[{"href":"https:\/\/alfierisuisse.ch\/fr\/wp-json\/wp\/v2\/types\/product"}],"replies":[{"embeddable":true,"href":"https:\/\/alfierisuisse.ch\/fr\/wp-json\/wp\/v2\/comments?post=3645"}],"wp:featuredmedia":[{"embeddable":true,"href":"https:\/\/alfierisuisse.ch\/fr\/wp-json\/wp\/v2\/media\/1247"}],"wp:attachment":[{"href":"https:\/\/alfierisuisse.ch\/fr\/wp-json\/wp\/v2\/media?parent=3645"}],"wp:term":[{"taxonomy":"product_cat","embeddable":true,"href":"https:\/\/alfierisuisse.ch\/fr\/wp-json\/wp\/v2\/product_cat?post=3645"},{"taxonomy":"product_tag","embeddable":true,"href":"https:\/\/alfierisuisse.ch\/fr\/wp-json\/wp\/v2\/product_tag?post=3645"}],"curies":[{"name":"wp","href":"https:\/\/api.w.org\/{rel}","templated":true}]}}

Fettuccine aux œufs étalées en boîte, 250g

<p><b>Poids :</b> <span id="single_product__weight-template-product">0,25 kg</span></p>
<p><strong>Ingrédients :</strong> Semoule de blé dur, œufs frais pasteurisés</p>
