{"id":3657,"date":"2023-01-24T09:12:23","date_gmt":"2023-01-24T09:12:23","guid":{"rendered":"https:\/\/elisak89.sg-host.com\/prodotto\/pappardelle-primavera-matassa-500-g\/"},"modified":"2024-01-03T10:36:25","modified_gmt":"2024-01-03T10:36:25","slug":"pappardelle-primavera-500g-en-paquet","status":"publish","type":"product","link":"https:\/\/alfierisuisse.ch\/fr\/prodotto\/pappardelle-primavera-500g-en-paquet\/","title":{"rendered":"Pappardelle Primavera, 500g en paquet"},"content":{"rendered":"","protected":false},"excerpt":{"rendered":"<p><b>Poids :<\/b> <span id=\"single_product__weight-template-product\">0,5 kg<\/span><\/p>\n<p><strong>Ingr\u00e9dients :<\/strong> P\u00e2te jaune : semoule de bl\u00e9 dur \u00e0 l&rsquo;\u0153uf P\u00e2te verte : semoule de bl\u00e9 dur avec \u00e9pinards P\u00e2te rouge : semoule de bl\u00e9 dur avec tomate<\/p>\n","protected":false},"featured_media":1238,"comment_status":"open","ping_status":"closed","template":"","meta":{"_acf_changed":false,"rank_math_lock_modified_date":false},"product_cat":[117],"product_tag":[255],"class_list":{"0":"post-3657","1":"product","2":"type-product","3":"status-publish","4":"has-post-thumbnail","6":"product_cat-pates","7":"product_tag-le-pappardelle-fr","9":"first","10":"instock","11":"shipping-taxable","12":"purchasable","13":"product-type-simple"},"acf":[],"_links":{"self":[{"href":"https:\/\/alfierisuisse.ch\/fr\/wp-json\/wp\/v2\/product\/3657","targetHints":{"allow":["GET"]}}],"collection":[{"href":"https:\/\/alfierisuisse.ch\/fr\/wp-json\/wp\/v2\/product"}],"about":[{"href":"https:\/\/alfierisuisse.ch\/fr\/wp-json\/wp\/v2\/types\/product"}],"replies":[{"embeddable":true,"href":"https:\/\/alfierisuisse.ch\/fr\/wp-json\/wp\/v2\/comments?post=3657"}],"wp:featuredmedia":[{"embeddable":true,"href":"https:\/\/alfierisuisse.ch\/fr\/wp-json\/wp\/v2\/media\/1238"}],"wp:attachment":[{"href":"https:\/\/alfierisuisse.ch\/fr\/wp-json\/wp\/v2\/media?parent=3657"}],"wp:term":[{"taxonomy":"product_cat","embeddable":true,"href":"https:\/\/alfierisuisse.ch\/fr\/wp-json\/wp\/v2\/product_cat?post=3657"},{"taxonomy":"product_tag","embeddable":true,"href":"https:\/\/alfierisuisse.ch\/fr\/wp-json\/wp\/v2\/product_tag?post=3657"}],"curies":[{"name":"wp","href":"https:\/\/api.w.org\/{rel}","templated":true}]}}

<p><b>Poids :</b> <span id="single_product__weight-template-product">0,5 kg</span></p>
<p><strong>Ingrédients :</strong> Pâte jaune : semoule de blé dur à l&rsquo;œuf Pâte verte : semoule de blé dur avec épinards Pâte rouge : semoule de blé dur avec tomate</p>
