{"id":3682,"date":"2023-01-24T09:10:20","date_gmt":"2023-01-24T09:10:20","guid":{"rendered":"https:\/\/elisak89.sg-host.com\/prodotto\/riccioli-con-fette-tartufo-e-funghi-250-g\/"},"modified":"2024-01-03T11:40:18","modified_gmt":"2024-01-03T11:40:18","slug":"boucles-doeufs-aux-tranches-de-truffe-et-aux-champignons-250g","status":"publish","type":"product","link":"https:\/\/alfierisuisse.ch\/fr\/prodotto\/boucles-doeufs-aux-tranches-de-truffe-et-aux-champignons-250g\/","title":{"rendered":"Boucles d&rsquo;\u0153ufs aux tranches de truffe et aux champignons, 250g"},"content":{"rendered":"","protected":false},"excerpt":{"rendered":"<p>P\u00e2tes \u00e0 la semoule de bl\u00e9 dur aux \u0153ufs 95% [Semoule de BL\u00c9 dur, \u0152UFS frais pasteuris\u00e9s D&rsquo;\u00c9LEVAGE AU SOL (26%)], champignons porcini d\u00e9shydrat\u00e9s (Boletus Edulis), tranches de truffe d&rsquo;\u00e9t\u00e9 (Tuber Aestivum Vitt.) 1,5%, persil d\u00e9shydrat\u00e9, ciboulette d\u00e9shydrat\u00e9e, ar\u00f4me de truffe.<\/p>\n","protected":false},"featured_media":2009,"comment_status":"open","ping_status":"closed","template":"","meta":{"_acf_changed":false,"rank_math_lock_modified_date":false},"product_cat":[117,111],"product_tag":[201],"class_list":{"0":"post-3682","1":"product","2":"type-product","3":"status-publish","4":"has-post-thumbnail","6":"product_cat-pates","7":"product_cat-special-truffe","8":"product_tag-les-boucles","10":"first","11":"instock","12":"shipping-taxable","13":"purchasable","14":"product-type-simple"},"acf":[],"_links":{"self":[{"href":"https:\/\/alfierisuisse.ch\/fr\/wp-json\/wp\/v2\/product\/3682","targetHints":{"allow":["GET"]}}],"collection":[{"href":"https:\/\/alfierisuisse.ch\/fr\/wp-json\/wp\/v2\/product"}],"about":[{"href":"https:\/\/alfierisuisse.ch\/fr\/wp-json\/wp\/v2\/types\/product"}],"replies":[{"embeddable":true,"href":"https:\/\/alfierisuisse.ch\/fr\/wp-json\/wp\/v2\/comments?post=3682"}],"wp:featuredmedia":[{"embeddable":true,"href":"https:\/\/alfierisuisse.ch\/fr\/wp-json\/wp\/v2\/media\/2009"}],"wp:attachment":[{"href":"https:\/\/alfierisuisse.ch\/fr\/wp-json\/wp\/v2\/media?parent=3682"}],"wp:term":[{"taxonomy":"product_cat","embeddable":true,"href":"https:\/\/alfierisuisse.ch\/fr\/wp-json\/wp\/v2\/product_cat?post=3682"},{"taxonomy":"product_tag","embeddable":true,"href":"https:\/\/alfierisuisse.ch\/fr\/wp-json\/wp\/v2\/product_tag?post=3682"}],"curies":[{"name":"wp","href":"https:\/\/api.w.org\/{rel}","templated":true}]}}

Boucles d&rsquo;œufs aux tranches de truffe et aux champignons, 250g

<p>Pâtes à la semoule de blé dur aux œufs 95% [Semoule de BLÉ dur, ŒUFS frais pasteurisés D&rsquo;ÉLEVAGE AU SOL (26%)], champignons porcini déshydratés (Boletus Edulis), tranches de truffe d&rsquo;été (Tuber Aestivum Vitt.) 1,5%, persil déshydraté, ciboulette déshydratée, arôme de truffe.</p>
